{"id":1675,"date":"2022-07-25T15:26:53","date_gmt":"2022-07-25T13:26:53","guid":{"rendered":"https:\/\/martinesarfati.com\/?page_id=1675"},"modified":"2022-09-05T15:30:06","modified_gmt":"2022-09-05T13:30:06","slug":"mentions-legales-et-politique-de-confidentialite","status":"publish","type":"page","link":"https:\/\/martinesarfati.com\/index.php\/mentions-legales-et-politique-de-confidentialite","title":{"rendered":"Mentions L\u00e9gales et Politique de confidentialit\u00e9"},"content":{"rendered":"\t\t<div data-elementor-type=\"wp-page\" data-elementor-id=\"1675\" class=\"elementor elementor-1675\">\n\t\t\t\t\t\t<section class=\"elementor-section elementor-top-section elementor-element elementor-element-6326fa26 elementor-section-boxed elementor-section-height-default elementor-section-height-default exad-glass-effect-no exad-sticky-section-no\" data-id=\"6326fa26\" data-element_type=\"section\" data-e-type=\"section\">\n\t\t\t\t\t\t<div class=\"elementor-container elementor-column-gap-default\">\n\t\t\t\t\t<div class=\"elementor-column elementor-col-100 elementor-top-column elementor-element elementor-element-e0ef058 exad-glass-effect-no exad-sticky-section-no\" data-id=\"e0ef058\" data-element_type=\"column\" data-e-type=\"column\">\n\t\t\t<div class=\"elementor-widget-wrap elementor-element-populated\">\n\t\t\t\t\t\t<div class=\"elementor-element elementor-element-67bcbcf0 exad-sticky-section-no exad-glass-effect-no elementor-widget elementor-widget-text-editor\" data-id=\"67bcbcf0\" data-element_type=\"widget\" data-e-type=\"widget\" data-widget_type=\"text-editor.default\">\n\t\t\t\t<div class=\"elementor-widget-container\">\n\t\t\t\t\t\t\t\t\t\n<div class=\"inherit-container-width wp-block-group alignfull has-white-background-color has-background is-layout-constrained wp-block-group-is-layout-constrained\"><div class=\"wp-block-group__inner-container\">\n<h2 class=\"has-text-align-center has-ast-global-color-0-color has-text-color has-medium-font-size wp-block-heading\"><strong><mark class=\"has-inline-color has-ast-global-color-0-color\" style=\"background-color: rgba(0, 0, 0, 0);\">Mentions L\u00e9gales<\/mark><\/strong><\/h2>\n\n<p class=\"has-ast-global-color-0-color has-text-color\" style=\"font-size: 12px;\"><strong>MartineSarfati.Com<\/strong><br \/>Site \u00e9dit\u00e9 par Martine Sarfati <br \/>Entrepreneuse Individuelle<br \/>19 rue des Poilus &#8211; 06270 Villeneuve Loubet<br \/><br \/>SIRET n\u00b0 42347188700046<br \/><br \/>contact@martinesarfati.com<br \/>+ 33 6 60 92 32 06<br \/><br \/>Directrice de la publication : Martine Sarfati<br \/><br \/><strong>H\u00e9bergement<\/strong> :<br \/><strong>O.V.H<\/strong>. &#8211; 2 rue Kellermann \u2013 BP 80157 59053 ROUBAIX CEDEX 1 &#8211; + 33 9 72 10 10 07 &#8211; https:\/\/www.ovhcloud.com\/fr\/<\/p>\n\n<h2 class=\"has-text-align-center wp-block-heading\"><strong><mark class=\"has-inline-color has-ast-global-color-0-color\" style=\"background-color: rgba(0, 0, 0, 0);\">Politique de confidentialit\u00e9<\/mark><\/strong><\/h2>\n\n<p><mark class=\"has-inline-color has-ast-global-color-0-color\" style=\"background-color: rgba(0, 0, 0, 0);\">Date de derni\u00e8re mise \u00e0 jour : 05\/09\/2022<br \/><\/mark><br \/>Martine Sarfati est soucieuse de la protection des donn\u00e9es personnelles des visiteurs de son site\u00a0<a href=\"https:\/\/martinesarfati.com\/\">https:\/\/martinesarfati.com\/<\/a>\u00a0 et de ses clients et s\u2019engage \u00e0 les prot\u00e9ger en conformit\u00e9 avec la r\u00e9glementation applicable et notamment le R\u00e8glement (UE) n\u00b02016\/679 du 27 avril 2016 dit \u00ab\u00a0R\u00e8glement G\u00e9n\u00e9ral sur la Protection des Donn\u00e9es\u00a0\u00bb ou \u00ab\u00a0RGPD\u00a0\u00bb et la loi n\u00b0 78-17 du 6 janvier 1978 modifi\u00e9e dite \u00ab\u00a0Loi Informatique et Libert\u00e9\u00a0\u00bb.<br \/><mark class=\"has-inline-color has-ast-global-color-0-color\" style=\"background-color: rgba(0, 0, 0, 0);\"><br \/><strong>ARTICLE 1 : COLLECTE DES DONN\u00c9ES<\/strong><br \/>Nous recueillons des donn\u00e9es lorsque vous remplissez nos formulaires de contact et lorsque vous achetez un de nos services ou produits d&rsquo;accompagnement ou de formation.<br \/>Nous pouvons r\u00e9colter les donn\u00e9es suivantes : votre pr\u00e9nom, votre nom, votre adresse e-mail, votre num\u00e9ro de t\u00e9l\u00e9phone, votre adresse postale.<br \/><br \/><strong>ARTICLE 2 : UTILISATION DE VOS DONN\u00c9ES<\/strong><br \/>Toutes les donn\u00e9es que nous recueillons de votre part peuvent \u00eatre utilis\u00e9es pour :<br \/>* vous contacter de fa\u00e7on plus efficace,<br \/>* vous envoyer des informations relatives au programme d&rsquo;accompagnement ou de formation que vous nous avez achet\u00e9.e,<br \/><strong><br \/>ARTICLE 3 : CONFIDENTIALIT\u00c9 DE VOS DONN\u00c9ES <\/strong><br \/>Nous sommes les seuls propri\u00e9taires des donn\u00e9es recueillies sur notre site martinesarfati.com<br \/>En aucun cas, vos donn\u00e9es recueillies sur notre site martinesarfati.com ne seront vendues, \u00e9chang\u00e9es, transf\u00e9r\u00e9es ou donn\u00e9es \u00e0 des tiers y compris \u00e0 nos partenaires sauf avec votre consentement pr\u00e9alable \u00e9crit.<\/mark><br \/><mark class=\"has-inline-color has-ast-global-color-0-color\" style=\"background-color: rgba(0, 0, 0, 0);\"><br \/><strong>ARTICLE 4 : DIVULGATION A DES TIERS <\/strong><br \/><\/mark>Nous pouvons toutefois \u00eatre amen\u00e9.e.s \u00e0 partager certaines de vos donn\u00e9es personnelles (nom, pr\u00e9nom, email, t\u00e9l\u00e9phone) avec nos partenaires, dans le cadre de la gestion de votre dossier, tant que ces parties conviennent de garder ces donn\u00e9es confidentielles et de les utiliser uniquement \u00e0 l&rsquo;usage d\u00e9crit plus haut pour l&rsquo;activit\u00e9 de <mark class=\"has-inline-color has-ast-global-color-0-color\" style=\"background-color: rgba(0, 0, 0, 0);\">Martine Sarfati Communication.<\/mark><br \/>Sauf obligation l\u00e9gale ou judiciaire lui enjoignant de le faire, nous ne divulguerons, c\u00e9derons, louerons ou transmettrons jamais vos donn\u00e9es personnelles \u00e0 des tiers autres que l&rsquo;H\u00e9bergeur du Site et les partenaires de confiance.<mark class=\"has-inline-color has-ast-global-color-0-color\" style=\"background-color: rgba(0, 0, 0, 0);\"><br \/><br \/><strong>ARTICLE 5 : PROTECTION DE VOS DONN\u00c9ES<\/strong><br \/><\/mark>Nous nous engageons \u00e0 assurer la s\u00e9curit\u00e9 et l\u2019int\u00e9grit\u00e9 de vos donn\u00e9es personnelles. A ce titre, nous mettons en \u0153uvre et maintenons des mesures techniques et organisationnelles de s\u00e9curit\u00e9 du Site et plus g\u00e9n\u00e9ralement, de son syst\u00e8me d\u2019information adapt\u00e9es au regard de la nature des donn\u00e9es personnelles trait\u00e9es et des risques pr\u00e9sent\u00e9s par leur traitement.<mark class=\"has-inline-color has-ast-global-color-0-color\" style=\"background-color: rgba(0, 0, 0, 0);\"><br \/>Notre site internet poss\u00e8de un <strong>Certificat SSL (secure Socket Layer<\/strong>).<br \/>Nous prot\u00e9geons \u00e9galement vos informations hors ligne : seules les personnes autoris\u00e9es par Martine Sarfati, qui ont besoin d&rsquo;effectuer un travail sp\u00e9cifique (par exemple, la facturation ou le service aux membres et client.e.s) ont acc\u00e8s aux donn\u00e9es personnelles identifiables. <\/mark><br \/><mark class=\"has-inline-color has-ast-global-color-0-color\" style=\"background-color: rgba(0, 0, 0, 0);\"><br \/><strong>ARTICLE 6 : CONSERVATION DE VOS DONN\u00c9ES<\/strong><br \/>Vos informations sont conserv\u00e9es pendant un d\u00e9lai de 10 ans concernant les informations comptables, 5 ans \u00e0 compter du terme du contrat pour les donn\u00e9es commerciales, 3 ans pour les donn\u00e9es trait\u00e9es dans le cadre de la prospection.<\/mark><br \/><br \/><mark class=\"has-inline-color has-ast-global-color-0-color\" style=\"background-color: rgba(0, 0, 0, 0);\"><strong>ARTICLE 7 : COPIE OU SUPPRESSION DE VOS DONN\u00c9ES<\/strong><\/mark><br \/>Vous disposez, \u00e0 tout moment, des droits suivants sur vos donn\u00e9es personnelles :<br \/>&#8211; droit d&rsquo;acc\u00e8s (article 15 RGPD) et de rectification (article 16 RGPD), de mise \u00e0 jour, de compl\u00e9tude des donn\u00e9es des utilisateurs, droit d&rsquo;effacement des donn\u00e9es des utilisateurs (article 17 du RGPD), lorsqu&rsquo;elles sont inexactes, incompl\u00e8tes, \u00e9quivoques, p\u00e9rim\u00e9es, ou dont la collecte, l&rsquo;utilisation, la communication ou la conservation est interdite ;<br \/>&#8211; droit de retirer \u00e0 tout moment son consentement (article 13-2c RGPD) ;<br \/>&#8211; droit \u00e0 la limitation du traitement des donn\u00e9es des utilisateurs (article 18 RGPD) ;<br \/>&#8211; droit d&rsquo;opposition au traitement des donn\u00e9es des utilisateurs (article 21 RGPD) ;<br \/>&#8211; droit \u00e0 la portabilit\u00e9 des donn\u00e9es que les utilisateurs auront fournies, lorsque ces donn\u00e9es font l&rsquo;objet de traitements automatis\u00e9s fond\u00e9s sur leur consentement ou sur un contrat (article 20 RGPD) ;<br \/><br \/>Si vous souhaitez faire valoir un des droits pr\u00e9cit\u00e9s, vous pouvez nous contacter par \u00e9crit \u00e0 l&rsquo;adresse <mark class=\"has-inline-color has-ast-global-color-0-color\" style=\"background-color: rgba(0, 0, 0, 0);\">e-mail \u00e0 contact@martinesarfati.com ou par t\u00e9l\u00e9phone au + 33 6 60 92 32 06. Si votre identit\u00e9 n&rsquo;est pas av\u00e9r\u00e9e, une copie d&rsquo;une pi\u00e8ce d&rsquo;identit\u00e9 pourra vous \u00eatre demand\u00e9e.<\/mark><br \/>Enfin, les utilisateurs de SCM peuvent d\u00e9poser une r\u00e9clamation aupr\u00e8s de l&rsquo;autorit\u00e9 de contr\u00f4le comp\u00e9tente, la CNIL (https:\/\/www.cnil.fr\/fr\/plaintes).<mark class=\"has-inline-color has-ast-global-color-0-color\" style=\"background-color: rgba(0, 0, 0, 0);\"><br \/><br \/><strong>ARTICLE 8 : POLITIQUE DE L\u2019H\u00c9BERGEUR<\/strong><br \/>Notre h\u00e9bergeur poss\u00e8de sa propre politique de confidentialit\u00e9 concernant l&rsquo;utilisation de vos donn\u00e9es que vous pouvez consulter en tout temps : https:\/\/www.ovhcloud.com\/fr\/personal-data-protection\/<br \/><br \/><strong>ARTICLE 9 : CONSENTEMENT A NOTRE POLITIQUE<\/strong><br \/>En utilisant notre site martinesarfati.com, vous consentez \u00e0 notre politique de confidentialit\u00e9 et que celle-ci puisse \u00eatre modifi\u00e9e en tout temps par l&rsquo;\u00e9diteur.<\/mark><\/p>\n\n<p>\u00a0<\/p>\n<\/div><\/div>\n\t\t\t\t\t\t\t\t<\/div>\n\t\t\t\t<\/div>\n\t\t\t\t\t<\/div>\n\t\t<\/div>\n\t\t\t\t\t<\/div>\n\t\t<\/section>\n\t\t\t\t<\/div>\n\t\t","protected":false},"excerpt":{"rendered":"<p>Mentions L\u00e9gales MartineSarfati.ComSite \u00e9dit\u00e9 par Martine Sarfati Entrepreneuse Individuelle19 rue des Poilus &#8211; 06270 Villeneuve Loubet SIRET n\u00b0 42347188700046 contact@martinesarfati.com+ 33 6 60 92 32 06 Directrice de la publication : Martine Sarfati H\u00e9bergement :O.V.H. &#8211; 2 rue Kellermann \u2013 BP 80157 59053 ROUBAIX CEDEX 1 &#8211; + 33 9 72 10 10 07 &#8211; &hellip;<\/p>\n<p class=\"read-more\"> <a class=\"\" href=\"https:\/\/martinesarfati.com\/index.php\/mentions-legales-et-politique-de-confidentialite\"> <span class=\"screen-reader-text\">Mentions L\u00e9gales et Politique de confidentialit\u00e9<\/span> Lire la suite\u00a0\u00bb<\/a><\/p>\n","protected":false},"author":1,"featured_media":0,"parent":0,"menu_order":0,"comment_status":"closed","ping_status":"closed","template":"","meta":{"site-sidebar-layout":"default","site-content-layout":"default","ast-global-header-display":"","ast-main-header-display":"","ast-hfb-above-header-display":"","ast-hfb-below-header-display":"","ast-hfb-mobile-header-display":"","site-post-title":"","ast-breadcrumbs-content":"","ast-featured-img":"","footer-sml-layout":"","theme-transparent-header-meta":"","adv-header-id-meta":"","stick-header-meta":"","header-above-stick-meta":"","header-main-stick-meta":"","header-below-stick-meta":"","footnotes":""},"class_list":["post-1675","page","type-page","status-publish","hentry"],"yoast_head":"<!-- This site is optimized with the Yoast SEO plugin v27.5 - https:\/\/yoast.com\/product\/yoast-seo-wordpress\/ -->\n<title>Mentions L\u00e9gales et Politique de confidentialit\u00e9 - Martine Sarfati Communication<\/title>\n<meta name=\"robots\" content=\"index, follow, max-snippet:-1, max-image-preview:large, max-video-preview:-1\" \/>\n<link rel=\"canonical\" href=\"https:\/\/martinesarfati.com\/index.php\/mentions-legales-et-politique-de-confidentialite\" \/>\n<meta property=\"og:locale\" content=\"fr_FR\" \/>\n<meta property=\"og:type\" content=\"article\" \/>\n<meta property=\"og:title\" content=\"Mentions L\u00e9gales et Politique de confidentialit\u00e9 - Martine Sarfati Communication\" \/>\n<meta property=\"og:description\" content=\"Mentions L\u00e9gales MartineSarfati.ComSite \u00e9dit\u00e9 par Martine Sarfati Entrepreneuse Individuelle19 rue des Poilus &#8211; 06270 Villeneuve Loubet SIRET n\u00b0 42347188700046 contact@martinesarfati.com+ 33 6 60 92 32 06 Directrice de la publication : Martine Sarfati H\u00e9bergement :O.V.H. &#8211; 2 rue Kellermann \u2013 BP 80157 59053 ROUBAIX CEDEX 1 &#8211; + 33 9 72 10 10 07 &#8211; &hellip; Mentions L\u00e9gales et Politique de confidentialit\u00e9 Lire la suite\u00a0\u00bb\" \/>\n<meta property=\"og:url\" content=\"https:\/\/martinesarfati.com\/index.php\/mentions-legales-et-politique-de-confidentialite\" \/>\n<meta property=\"og:site_name\" content=\"Martine Sarfati Communication\" \/>\n<meta property=\"article:publisher\" content=\"https:\/\/www.facebook.com\/martine.sarfati\" \/>\n<meta property=\"article:modified_time\" content=\"2022-09-05T13:30:06+00:00\" \/>\n<meta name=\"twitter:card\" content=\"summary_large_image\" \/>\n<meta name=\"twitter:site\" content=\"@MSarfati_Com\" \/>\n<meta name=\"twitter:label1\" content=\"Dur\u00e9e de lecture estim\u00e9e\" \/>\n\t<meta name=\"twitter:data1\" content=\"4 minutes\" \/>\n<script type=\"application\/ld+json\" class=\"yoast-schema-graph\">{\"@context\":\"https:\\\/\\\/schema.org\",\"@graph\":[{\"@type\":\"WebPage\",\"@id\":\"https:\\\/\\\/martinesarfati.com\\\/index.php\\\/mentions-legales-et-politique-de-confidentialite\",\"url\":\"https:\\\/\\\/martinesarfati.com\\\/index.php\\\/mentions-legales-et-politique-de-confidentialite\",\"name\":\"Mentions L\u00e9gales et Politique de confidentialit\u00e9 - Martine Sarfati Communication\",\"isPartOf\":{\"@id\":\"https:\\\/\\\/martinesarfati.com\\\/#website\"},\"datePublished\":\"2022-07-25T13:26:53+00:00\",\"dateModified\":\"2022-09-05T13:30:06+00:00\",\"breadcrumb\":{\"@id\":\"https:\\\/\\\/martinesarfati.com\\\/index.php\\\/mentions-legales-et-politique-de-confidentialite#breadcrumb\"},\"inLanguage\":\"fr-FR\",\"potentialAction\":[{\"@type\":\"ReadAction\",\"target\":[\"https:\\\/\\\/martinesarfati.com\\\/index.php\\\/mentions-legales-et-politique-de-confidentialite\"]}]},{\"@type\":\"BreadcrumbList\",\"@id\":\"https:\\\/\\\/martinesarfati.com\\\/index.php\\\/mentions-legales-et-politique-de-confidentialite#breadcrumb\",\"itemListElement\":[{\"@type\":\"ListItem\",\"position\":1,\"name\":\"Accueil\",\"item\":\"https:\\\/\\\/martinesarfati.com\\\/\"},{\"@type\":\"ListItem\",\"position\":2,\"name\":\"Mentions L\u00e9gales et Politique de confidentialit\u00e9\"}]},{\"@type\":\"WebSite\",\"@id\":\"https:\\\/\\\/martinesarfati.com\\\/#website\",\"url\":\"https:\\\/\\\/martinesarfati.com\\\/\",\"name\":\"Martine Sarfati Communication\",\"description\":\"Mieux communiquer - Mieux r\u00e9ussir\",\"publisher\":{\"@id\":\"https:\\\/\\\/martinesarfati.com\\\/#\\\/schema\\\/person\\\/d4c5107e84c4363871a6926f4260b3f3\"},\"potentialAction\":[{\"@type\":\"SearchAction\",\"target\":{\"@type\":\"EntryPoint\",\"urlTemplate\":\"https:\\\/\\\/martinesarfati.com\\\/?s={search_term_string}\"},\"query-input\":{\"@type\":\"PropertyValueSpecification\",\"valueRequired\":true,\"valueName\":\"search_term_string\"}}],\"inLanguage\":\"fr-FR\"},{\"@type\":[\"Person\",\"Organization\"],\"@id\":\"https:\\\/\\\/martinesarfati.com\\\/#\\\/schema\\\/person\\\/d4c5107e84c4363871a6926f4260b3f3\",\"name\":\"Martine SARFATI\",\"image\":{\"@type\":\"ImageObject\",\"inLanguage\":\"fr-FR\",\"@id\":\"https:\\\/\\\/martinesarfati.com\\\/wp-content\\\/uploads\\\/2022\\\/06\\\/Presentation1-removebg-preview.png\",\"url\":\"https:\\\/\\\/martinesarfati.com\\\/wp-content\\\/uploads\\\/2022\\\/06\\\/Presentation1-removebg-preview.png\",\"contentUrl\":\"https:\\\/\\\/martinesarfati.com\\\/wp-content\\\/uploads\\\/2022\\\/06\\\/Presentation1-removebg-preview.png\",\"width\":378,\"height\":378,\"caption\":\"Martine SARFATI\"},\"logo\":{\"@id\":\"https:\\\/\\\/martinesarfati.com\\\/wp-content\\\/uploads\\\/2022\\\/06\\\/Presentation1-removebg-preview.png\"},\"description\":\"Experte, Mentore et Formatrice en Communication, j'accompagne les entrepreneurs.ses \u00e0 appr\u00e9hender et \u00e0 mettre en place les strat\u00e9gies et les actions de communication pour leur meilleure r\u00e9ussite.\",\"sameAs\":[\"http:\\\/\\\/www.martinesarfati.com\",\"https:\\\/\\\/www.facebook.com\\\/martine.sarfati\",\"https:\\\/\\\/www.instagram.com\\\/martinesarfaticommunication\\\/\",\"https:\\\/\\\/www.linkedin.com\\\/in\\\/martine-sarfati\\\/\",\"https:\\\/\\\/x.com\\\/https:\\\/\\\/twitter.com\\\/MSarfati_Com\",\"https:\\\/\\\/www.youtube.com\\\/@martinesarfati06\"]}]}<\/script>\n<!-- \/ Yoast SEO plugin. -->","yoast_head_json":{"title":"Mentions L\u00e9gales et Politique de confidentialit\u00e9 - Martine Sarfati Communication","robots":{"index":"index","follow":"follow","max-snippet":"max-snippet:-1","max-image-preview":"max-image-preview:large","max-video-preview":"max-video-preview:-1"},"canonical":"https:\/\/martinesarfati.com\/index.php\/mentions-legales-et-politique-de-confidentialite","og_locale":"fr_FR","og_type":"article","og_title":"Mentions L\u00e9gales et Politique de confidentialit\u00e9 - Martine Sarfati Communication","og_description":"Mentions L\u00e9gales MartineSarfati.ComSite \u00e9dit\u00e9 par Martine Sarfati Entrepreneuse Individuelle19 rue des Poilus &#8211; 06270 Villeneuve Loubet SIRET n\u00b0 42347188700046 contact@martinesarfati.com+ 33 6 60 92 32 06 Directrice de la publication : Martine Sarfati H\u00e9bergement :O.V.H. &#8211; 2 rue Kellermann \u2013 BP 80157 59053 ROUBAIX CEDEX 1 &#8211; + 33 9 72 10 10 07 &#8211; &hellip; Mentions L\u00e9gales et Politique de confidentialit\u00e9 Lire la suite\u00a0\u00bb","og_url":"https:\/\/martinesarfati.com\/index.php\/mentions-legales-et-politique-de-confidentialite","og_site_name":"Martine Sarfati Communication","article_publisher":"https:\/\/www.facebook.com\/martine.sarfati","article_modified_time":"2022-09-05T13:30:06+00:00","twitter_card":"summary_large_image","twitter_site":"@MSarfati_Com","twitter_misc":{"Dur\u00e9e de lecture estim\u00e9e":"4 minutes"},"schema":{"@context":"https:\/\/schema.org","@graph":[{"@type":"WebPage","@id":"https:\/\/martinesarfati.com\/index.php\/mentions-legales-et-politique-de-confidentialite","url":"https:\/\/martinesarfati.com\/index.php\/mentions-legales-et-politique-de-confidentialite","name":"Mentions L\u00e9gales et Politique de confidentialit\u00e9 - Martine Sarfati Communication","isPartOf":{"@id":"https:\/\/martinesarfati.com\/#website"},"datePublished":"2022-07-25T13:26:53+00:00","dateModified":"2022-09-05T13:30:06+00:00","breadcrumb":{"@id":"https:\/\/martinesarfati.com\/index.php\/mentions-legales-et-politique-de-confidentialite#breadcrumb"},"inLanguage":"fr-FR","potentialAction":[{"@type":"ReadAction","target":["https:\/\/martinesarfati.com\/index.php\/mentions-legales-et-politique-de-confidentialite"]}]},{"@type":"BreadcrumbList","@id":"https:\/\/martinesarfati.com\/index.php\/mentions-legales-et-politique-de-confidentialite#breadcrumb","itemListElement":[{"@type":"ListItem","position":1,"name":"Accueil","item":"https:\/\/martinesarfati.com\/"},{"@type":"ListItem","position":2,"name":"Mentions L\u00e9gales et Politique de confidentialit\u00e9"}]},{"@type":"WebSite","@id":"https:\/\/martinesarfati.com\/#website","url":"https:\/\/martinesarfati.com\/","name":"Martine Sarfati Communication","description":"Mieux communiquer - Mieux r\u00e9ussir","publisher":{"@id":"https:\/\/martinesarfati.com\/#\/schema\/person\/d4c5107e84c4363871a6926f4260b3f3"},"potentialAction":[{"@type":"SearchAction","target":{"@type":"EntryPoint","urlTemplate":"https:\/\/martinesarfati.com\/?s={search_term_string}"},"query-input":{"@type":"PropertyValueSpecification","valueRequired":true,"valueName":"search_term_string"}}],"inLanguage":"fr-FR"},{"@type":["Person","Organization"],"@id":"https:\/\/martinesarfati.com\/#\/schema\/person\/d4c5107e84c4363871a6926f4260b3f3","name":"Martine SARFATI","image":{"@type":"ImageObject","inLanguage":"fr-FR","@id":"https:\/\/martinesarfati.com\/wp-content\/uploads\/2022\/06\/Presentation1-removebg-preview.png","url":"https:\/\/martinesarfati.com\/wp-content\/uploads\/2022\/06\/Presentation1-removebg-preview.png","contentUrl":"https:\/\/martinesarfati.com\/wp-content\/uploads\/2022\/06\/Presentation1-removebg-preview.png","width":378,"height":378,"caption":"Martine SARFATI"},"logo":{"@id":"https:\/\/martinesarfati.com\/wp-content\/uploads\/2022\/06\/Presentation1-removebg-preview.png"},"description":"Experte, Mentore et Formatrice en Communication, j'accompagne les entrepreneurs.ses \u00e0 appr\u00e9hender et \u00e0 mettre en place les strat\u00e9gies et les actions de communication pour leur meilleure r\u00e9ussite.","sameAs":["http:\/\/www.martinesarfati.com","https:\/\/www.facebook.com\/martine.sarfati","https:\/\/www.instagram.com\/martinesarfaticommunication\/","https:\/\/www.linkedin.com\/in\/martine-sarfati\/","https:\/\/x.com\/https:\/\/twitter.com\/MSarfati_Com","https:\/\/www.youtube.com\/@martinesarfati06"]}]}},"_links":{"self":[{"href":"https:\/\/martinesarfati.com\/index.php\/wp-json\/wp\/v2\/pages\/1675","targetHints":{"allow":["GET"]}}],"collection":[{"href":"https:\/\/martinesarfati.com\/index.php\/wp-json\/wp\/v2\/pages"}],"about":[{"href":"https:\/\/martinesarfati.com\/index.php\/wp-json\/wp\/v2\/types\/page"}],"author":[{"embeddable":true,"href":"https:\/\/martinesarfati.com\/index.php\/wp-json\/wp\/v2\/users\/1"}],"replies":[{"embeddable":true,"href":"https:\/\/martinesarfati.com\/index.php\/wp-json\/wp\/v2\/comments?post=1675"}],"version-history":[{"count":10,"href":"https:\/\/martinesarfati.com\/index.php\/wp-json\/wp\/v2\/pages\/1675\/revisions"}],"predecessor-version":[{"id":2421,"href":"https:\/\/martinesarfati.com\/index.php\/wp-json\/wp\/v2\/pages\/1675\/revisions\/2421"}],"wp:attachment":[{"href":"https:\/\/martinesarfati.com\/index.php\/wp-json\/wp\/v2\/media?parent=1675"}],"curies":[{"name":"wp","href":"https:\/\/api.w.org\/{rel}","templated":true}]}}